st the prime factors of 5992223.
5992223
What are the prime factors of 7455885?
3, 5, 19, 26161
List the prime factors of 3181150.
2, 5, 7, 61, 149
What are the prime factors of 5100119?
17, 300007
What are the prime factors of 1996968?
2, 3, 83207
List the prime factors of 7010698.
2, 17, 206197
List the prime factors of 16331810.
2, 5, 11, 148471
List the prime factors of 93882.
2, 3, 15647
List the prime factors of 368798.
2, 17, 10847
List the prime factors of 23260305.
3, 5, 971, 1597
What are the prime factors of 999322?
2, 499661
What are the prime factors of 328457?
17, 139
What are the prime factors of 3254431?
23, 141497
List the prime factors of 23774131.
577, 41203
What are the prime factors of 6809808?
2, 3, 141871
What are the prime factors of 25426892?
2, 919, 6917
List the prime factors of 260013.
3, 13, 59, 113
What are the prime factors of 129181?
13, 19, 523
What are the prime factors of 209527?
191, 1097
What are the prime factors of 3718468?
2, 13, 43, 1663
List the prime factors of 167053.
89, 1877
List the prime factors of 318484.
2, 79621
What are the prime factors of 303274?
2, 151637
What are the prime factors of 622827?
3, 69203
What are the prime factors of 1064102?
2, 13, 40927
List the prime factors of 2187229.
11, 198839
List the prime factors of 589207.
589207
What are the prime factors of 70389?
3, 11, 79
What are the prime factors of 625282?
2, 7, 59, 757
What are the prime factors of 566006?
2, 7, 40429
List the prime factors of 33113608.
2, 11, 376291
What are the prime factors of 363407?
11, 33037
List the prime factors of 5392983.
3, 331, 5431
What are the prime factors of 1214683?
1214683
What are the prime factors of 745233?
3, 43, 53, 109
What are the prime factors of 319745?
5, 63949
List the prime factors of 115615.
5, 19, 1217
List the prime factors of 252294.
2, 3, 7, 6007
What are the prime factors of 15645842?
2, 23, 340127
What are the prime factors of 192856?
2, 24107
What are the prime factors of 84192?
2, 3, 877
What are the prime factors of 6289768?
2, 337, 2333
What are the prime factors of 2142310?
2, 5, 283, 757
List the prime factors of 7187142.
2, 3, 61, 73, 269
What are the prime factors of 3417194?
2, 11, 155327
List the prime factors of 1426930.
2, 5, 31, 4603
What are the prime factors of 1959779?
37, 52967
What are the prime factors of 525597?
3, 19, 9221
What are the prime factors of 6858945?
3, 5, 23, 47
What are the prime factors of 1046492?
2, 397, 659
List the prime factors of 3740501.
3740501
What are the prime factors of 8917190?
2, 5, 199, 4481
What are the prime factors of 233319?
3, 77773
What are the prime factors of 6320264?
2, 790033
List the prime factors of 3390382.
2, 1695191
List the prime factors of 530143.
530143
What are the prime factors of 34143604?
2, 11, 89, 8719
What are the prime factors of 666198?
2, 3, 13, 73
List the prime factors of 391542.
2, 3, 65257
What are the prime factors of 2032799?
2032799
What are the prime factors of 168649?
13, 12973
What are the prime factors of 3105019?
503, 6173
What are the prime factors of 1316623?
7, 11, 17099
List the prime factors of 201949.
11, 1669
What are the prime factors of 307527?
3, 11, 9319
What are the prime factors of 9429498?
2, 3, 13, 59, 683
What are the prime factors of 431963?
7, 23, 2683
List the prime factors of 179383.
179383
What are the prime factors of 2350679?
2350679
What are the prime factors of 901525?
5, 36061
List the prime factors of 844466.
2, 7, 1231
What are the prime factors of 144560?
2, 5, 13, 139
What are the prime factors of 745138?
2, 47, 7927
List the prime factors of 263267.
263267
List the prime factors of 109106.
2, 17, 3209
List the prime factors of 6648925.
5, 265957
List the prime factors of 4676050.
2, 5, 41, 2281
List the prime factors of 19573146.
2, 3, 139, 7823
What are the prime factors of 6620814?
2, 3, 367823
What are the prime factors of 13758792?
2, 3, 31, 18493
What are the prime factors of 13764297?
3, 4588099
List the prime factors of 144214.
2, 7, 10301
What are the prime factors of 5769154?
2, 17, 169681
List the prime factors of 6798016.
2, 106219
List the prime factors of 540673.
7, 77239
List the prime factors of 313375.
5, 23, 109
List the prime factors of 507749.
11, 31, 1489
What are the prime factors of 549166?
2, 274583
List the prime factors of 67493.
67493
What are the prime factors of 1554121?
757, 2053
What are the prime factors of 5259185?
5, 191, 5507
What are the prime factors of 3645964?
2, 7, 59, 2207
What are the prime factors of 2828221?
11, 41, 6271
List the prime factors of 314820.
2, 3, 5, 11, 53
What are the prime factors of 1281678?
2, 3, 213613
List the prime factors of 6076964.
2, 577, 2633
List the prime factors of 6349150.
2, 5, 23, 5521
What are the prime factors of 5432553?
3, 7, 53, 1627
What are the prime factors of 154933?
154933
What are the prime factors of 7377064?
2, 277, 3329
What are the prime factors of 19331672?
2, 2416459
What are the prime factors of 12355485?
3, 5, 23, 59, 607
What are the prime factors of 808594?
2, 461, 877
What are the prime factors of 911649?
3, 229, 1327
What are the prime factors of 1751920?
2, 5, 61, 359
List the prime factors of 142973.
142973
List the prime factors of 33329253.
3, 11109751
List the prime factors of 1243180.
2, 5, 61, 1019
What are the prime factors of 710837?
710837
What are the prime factors of 17323?
17, 1019
What are the prime factors of 947300?
2, 5, 9473
What are the prime factors of 7342447?
7, 107, 9803
What are the prime factors of 3714782?
2, 1857391
What are the prime factors of 3035488?
2, 29, 3271
List the prime factors of 311868.
2, 3, 8663
List the prime factors of 12033121.
137, 87833
List the prime factors of 6119425.
5, 13, 19, 991
What are the prime factors of 2729007?
3, 89, 3407
What are the prime factors of 597752?
2, 74719
What are the prime factors of 263295?
3, 5, 5851
What are the prime factors of 266419?
263, 1013
List the prime factors of 1371894.
2, 3, 373, 613
What are the prime factors of 150820?
2, 5, 7541
List the prime factors of 19098245.
5, 857, 4457
List the prime factors of 6787830.
2, 3, 5, 7, 32323
What are the prime factors of 106943?
229, 467
What are the prime factors of 8681809?
71, 122279
List the prime factors of 3784747.
3784747
List the prime factors of 360433.
23, 15671
List the prime factors of 578780.
2, 5, 43, 673
List the prime factors of 883583.
239, 3697
List the prime factors of 10065384.
2, 3, 7, 317
List the prime factors of 421175.
5, 17, 991
List the prime factors of 1984946.
2, 23, 43151
List the prime factors of 317381.
41, 7741
List the prime factors of 3308014.
2, 19, 263, 331
What are the prime factors of 3761547?
3, 1253849
List the prime factors of 108678.
2, 3, 59, 307
List the prime factors of 4922725.
5, 223, 883
List the prime factors of 1366214.
2, 19, 157, 229
List the prime factors of 1351681.
439, 3079
What are the prime factors of 1392263?
19, 73277
List the prime factors of 22736.
2, 7, 29
List the prime factors of 5126206.
2, 73, 35111
What are the prime factors of 11421995?
5, 13, 175723
What are the prime factors of 675445?
5, 135089
List the prime factors of 13337488.
2, 833593
What are the prime factors of 812446?
2, 37, 10979
What are the prime factors of 17146551?
3, 43, 61, 2179
List the prime factors of 3638025.
3, 5, 19, 23, 37
List the prime factors of 1172331.
3, 130259
What are the prime factors of 2900137?
71, 40847
What are the prime factors of 1892550?
2, 3, 5, 11, 31, 37
What are the prime factors of 7117700?
2, 5, 109, 653
List the prime factors of 193823.
7, 27689
List the prime factors of 1222520.
2, 5, 13, 2351
List the prime factors of 13871600.
2, 5, 34679
What are the prime factors of 497077?
7, 71011
List the prime factors of 2431207.
2431207
List the prime factors of 4108367.
73, 167, 337
List the prime factors of 5335588.
2, 199, 6703
List the prime factors of 203300.
2, 5, 19, 107
What are the prime factors of 311596?
2, 77899
What are the prime factors of 1581970?
2, 5, 13, 43, 283
List the prime factors of 3281474.
2, 7, 31, 7561
What are the prime factors of 110202?
2, 3, 18367
List the prime factors of 16361437.
37, 442201
What are the prime factors of 7026038?
